 r = z + 29. Is r composite?
True
Let l(v) = 47*v + 5. Let t(k) = -2*k**2 + 15*k + 1. Let p be t(7). Is l(p) a prime number?
False
Suppose 2*w + 2*w - 4 = 0. Let c be (4/(-3))/(w/(-3)). Suppose 5*y - 39 = -c*h, -3 = -5*h + 2*h + 5*y. Is h prime?
False
Let t be (0 - 0)/(7/(-7)). Suppose 3*x - 2*l - 33 = t, x + 2*x - 42 = -l. Is x a prime number?
True
Let b(m) = m**2 + 11*m - 6. Let f be b(-11). Let h be (-8)/f*3 - 1. Is (1/3)/(h/477) prime?
True
Let k(g) = g**3 + 2*g**2 + g + 2. Let p be k(-2). Suppose -i = 4*y + 22, 3*y + 23 = -4*i - p*y. Is ((-4)/i)/((-6)/(-285)) prime?
False
Let u be 2/7 + (-60)/(-35). Suppose 2*r + 127 = 5*v - 126, 4*v - u*r = 202. Is v composite?
True
Let s be (-62)/(-6)*(-6)/(-2). Is (s/2)/(2/12) a prime number?
False
Let q = 588 - 341. Is q composite?
True
Suppose -g = g - 166. Let z = g - 4. Is z a prime number?
True
Let c(q) = -9*q + 4. Let o(d) = 14*d + 3. Let p(v) = -5*v - 1. Let m(n) = 6*o(n) + 17*p(n). Let l(b) = c(b) - 5*m(b). Is l(-2) composite?
False
Let x be 3/((-3)/3948*6). Let y = -423 - x. Is y a prime number?
False
Let a = 2 + -7. Let y(f) = 2*f**2 - 5*f + 4. Is y(a) prime?
True
Suppose 0*p + 5*p = 0. Suppose h + p*h = 7. Suppose -m + 135 = 3*f, h*m = 2*f + 2*m - 107. Is f a prime number?
False
Let l(q) = 2*q**2 + 2*q - 4. Let z be l(-3). Suppose 10 = -3*h + z*h. Is h + -2 + (-1 - -16) composite?
True
Suppose -u - 704 = -3*u. Let f = u - 129. Is f composite?
False
Let h be (6/9)/(1/6). Is (2 - h)/((-6)/747) composite?
True
Let o(l) = -1102*l**3 - l**2 + 2*l + 2. Is o(-1) composite?
True
Suppose 5*d + a - 6 = 4, -a = -3*d + 6. Suppose -2*y - 3*u + 829 = 2*y, -5*u - 447 = -d*y. Is y a prime number?
True
Let y be 4/(-12) - 106/(-3). Suppose 0*f - f + y = -4*m, 0 = -2*f + 2*m + 70. Let o = f + -21. Is o a composite number?
True
Suppose 2*r + r + 3 = -2*u, -u + 26 = -4*r. Is u/(-9) + (-131)/(-3) a composite number?
False
Suppose y + 14 = 281. Is y a composite number?
True
Suppose 211 = 3*w + 4*a - 9*a, -3*a - 207 = -3*w. Is w a prime number?
True
Suppose 4 = 2*d - 0. Let a be -2 - -44 - (d - 0). Suppose -5*v = -2*v - y - 110, a = v + 3*y. Is v composite?
False
Suppose 0 = -b - 4*b - 160. Let x = 5 - b. Is x a prime number?
True
Suppose 2*o = f + 4*o - 1053, -f = -4*o - 1041. Is f prime?
True
Suppose 672 = -0*u + 4*u. Let j = 98 + -9. Let g = u - j. Is g composite?
False
Suppose 1735 = -k + 6*k. Is k prime?
True
Let w(c) = -341*c + 20. Is w(-3) a prime number?
False
Let u(h) be the third derivative of -h**4/4 + 3*h**2. Let o be u(2). Let n = 31 - o. Is n composite?
False
Let m = -5 - 9. Let h be m/35 - (-207)/5. Let y = h + -28. Is y a prime number?
True
Let z be (3/(-4))/((-2)/8). Let c(i) be the second derivative of -i**5/20 + i**4/3 + i**3/3 + 2*i**2 - 2*i. Is c(z) prime?
True
Let w be 644/5 - (-3)/15. Let n = w - 6. Suppose -209 = -4*t + 3*l, -5*t = 2*l - n - 144. Is t a prime number?
True
Let y = -375 + 733. Is y prime?
False
Suppose -265 = -5*u + 5*l, 4*l - 3 - 5 = 0. Is u a composite number?
True
Let z(h) = -23*h - 1. Let y be z(2). Let f = -18 - y. Suppose -f = -v + 4*l, 3*l = l - 10. Is v composite?
True
Let o be ((-48)/(-20))/(4/(-110)). Is (3/9)/((-2)/o) a composite number?
False
Let d = 1889 - 906. Is d prime?
True
Is (1/2)/((-4)/1036)*-2 composite?
True
Suppose -2*c + 4*c + 3*f - 82 = 0, -3*c + 4*f + 140 = 0. Let w = 105 + c. Is w composite?
False
Let u = 5 - 2. Let t be u/1 - (-2 + 1). Is (-1 - -2)*t - -3 composite?
False
Let f be 4/((-12)/9) - 0. Let s = -1 - f. Suppose s*l = -102 + 260. Is l a prime number?
True
Let h(u) = 7*u**2 - 3*u + 12. Let d be h(9). Is (-2)/10 - d/(-10) prime?
False
Let o = -1448 + 2665. Is o a composite number?
False
Let q be 3*(3 - (-2)/(-3)). Let a(p) = 2*p**3 - 8*p**2 - 11*p + 4. Is a(q) prime?
False
Is 668/(-10)*(-5 + 4 + -4) prime?
False
Let d(u) = -2176*u + 3. Is d(-1) a composite number?
False
Let h(t) = 2*t - 2. Suppose -4*k = -k + 5*p + 13, -2*p = -4*k + 26. Let q be h(k). Is q/(-15) + (-374)/(-10) composite?
False
Suppose f = -4*h - 9, -3*f = -0*h - 4*h - 5. Let t be 90/2 + 2/f. Suppose -3*b - 4*n + t = -2*n, b = 3*n + 18. Is b composite?
True
Let g(q) = 1928*q + 3. Is g(1) a prime number?
True
Suppose z - 2 = -0. Suppose 5*f = z*f + 447. Is f prime?
True
Suppose -6*u + 4 = -5*u. Suppose 3*s - 2*s - 266 = -2*n, -u*s + 394 = 3*n. Is n composite?
True
Let u(k) = 2*k**3 - 2*k + 5. Let f = 1 + 6. Is u(f) composite?
False
Let i = -10047 + 18056. Is i a composite number?
False
Suppose 10 = 2*m + 3*m. Suppose 0*b = m*b - 172. Suppose -i - 3*i = -4*x + 64, 3*i + b = 5*x. Is x prime?
True
Is (4597 - 0) + (1 + -1)/(-4) composite?
False
Suppose 0 = 2*s - 0*s + 184. Let t = s - -169. Is t composite?
True
Let z = -425 - -285. Let x = 9 - z. Is x prime?
True
Let o = 115 + 76. Is o composite?
False
Suppose 0 = 2*b + 4*c - 6*c - 2, -3*b + 5*c = 7. Let j(q) = -q**3 + 9*q**2 + 2*q - 5. Is j(b) a composite number?
True
Suppose -2*j - 6 = -0*j, q - 2*j - 6 = 0. Suppose a - 178 = -q. Is a a prime number?
False
Suppose -3*s + 0*s - 9 = 0, 5*t = -4*s - 12. Let w(a) = a**2 - a + 39. Is w(t) a prime number?
False
Is 1 + -4*65/(-2) a composite number?
False
Suppose 408 = 3*s - 0*s - 3*f, 20 = 4*f. Is s composite?
True
Suppose -363 = -3*x - 96. Suppose a + 3*k = k - 62, a + k = -59. Let u = x + a. Is u a composite number?
True
Let v = -15 - -25. Let x(m) = 32*m - 17. Is x(v) prime?
False
Let w be -2 - (-10)/(-6)*3. Let n = -1 - w. Suppose v - 4*i = i + n, -2*i + 27 = v. Is v composite?
True
Let u = 5 + -11. Is (u + 7)*(-47)/(-1) composite?
False
Let s = 1047 - 680. Is s prime?
True
Suppose -2*x + 20 - 66 = 0. Let h = -10 - x. Is h a composite number?
False
Is 4 + -2 + 2 + 175 prime?
True
Suppose 163 = 3*m + 2*z, m + 98 = 3*m - 4*z. Let r = m - 18. Is r composite?
True
Let o = -3 + 8. Suppose 5*v = o*g - 0*v + 20, -4*v - 65 = 5*g. Is -2 + 0 + 3 - g prime?
False
Let i = -30 - -52. Let c = -12 + i. Suppose 0*t + t + 2*w = c, 0 = 5*t - w - 28. Is t prime?
False
Let n(a) = 28*a - 1. Let i = -2 + 6. Is n(i) a prime number?
False
Is -3 + ((-714)/(-3) - 2) prime?
True
Let g(v) = -v**3 + 8*v**2 - 8*v + 9. Let w be g(7). Suppose 22 + 8 = w*s. Is s composite?
True
Suppose -12 = -b + 13. Let l = b - 18. Is l a prime number?
True
Suppose 2*x = 6 - 0. Suppose -x*w + 275 = 2*w. Is w composite?
True
Let r = -8 + 11. Suppose r*i + 2*c = 22, -2*i + 0*c - 2 = -2*c. Suppose 4*k - 8*k + 232 = -i*s, 0 = 3*k + s - 154. Is k prime?
True
Is (-1293)/(-5) + (-8)/5 + 2 prime?
False
Suppose 4*b = 2*d + 4, -3*d = -d - 2*b. Suppose -6*g + 16 = -d*g. Let u(j) = 2*j**3 - 6*j**2 + 2*j - 5. Is u(g) a composite number?
True
Suppose 18 + 12 = 2*m - 4*g, 2*g - 15 = -5*m. Suppose 3*n = -4*v + 97, -3*n = -m*n + 4*v + 78. Is n a prime number?
False
Let q(t) = 39*t + 4. Let g(y) = 116*y + 11. Let v(w) = 3*g(w) - 8*q(w). Is v(1) prime?
True
Is 2/(-10) + 3858/15 composite?
False
Suppose -5*n + 28 = -4*j, 2*n - 5*j = n + 14. Let u(f) = -f - 1. Let l be u(-1). Suppose -92 = -n*i - l*i. Is i composite?
False
Let v = 7 - 10. Is (v/(-2))/((-3)/(-422)) a prime number?
True
Is -1 + 3/4 + 6531/28 prime?
True
Let r be ((-8)/(-2))/(12 + -8). Let o(v) be the second derivative of 3*v**5/5 - v**4/12 - v**3/6 + v**2/2 + v. Is o(r) prime?
True
Suppose 2*n + 1605 = 7*n. Is n a prime number?
False
Suppose 25 = -5*l, -786 = -3*i - 0*i + 3*l. Is i composite?
False
Let t be (-24)/2*(-1)/3. Let z(p) = -p**2 + 6*p - 3. Let y be z(t). Suppose 0 = y*o - 3*o - 74. Is o a prime number?
True
Suppose -t + 6*t + 20 = 0. Let f = -94 - t. Is (-2)/(-3)*f/(-4) prime?
False
Let c = -2448 + 3623. Suppose 0 = -7*p + 2*p + c. Is p composite?
True
Let s(r) = -17*r - 9. Let d be s(-8). Let j = d + -65. Is j a composite number?
True
Let s be 6/(-4)*(-8)/(-6). Is 10*s/(16/(-316)) a composite number?
True
Let i = 8 + -2. Let r = -4 + i. Suppose -3*o + 5*p = -419, r*p = -3*p + 10. Is o a composite number?
True
Let h(p) = p**3 - p + 16. Let x be h(0). Suppose 4*c + 2 = 5*n, -n = 4*c + 3*n - x. Is c/4 + 385/10 prime?
False
Let c be -433 - 6 - (0 - -3). Let v = -315 - c. Is v a composite number?
False
Let v(d) = -25*d**2 + 2*d + 5. Let y(k) = 13*k**2 - k - 3. Let g(u) = -3*v(u) - 5*y(u). Let z = -1 - 0. Is g(z) prime?
True
Let h = -565 - -400. Let m = -76 - h. Is m composi